 0, -5*h + 3615 = -0*h - 4*w. Is h a composite number?
False
Let p(y) = -45*y**3 + 14*y**2 - 9*y - 5. Let j be p(5). Let l = 9170 + j. Is l a composite number?
True
Suppose 0 = 5*h - 3*z - 582, 3*z - 354 = 2*h - 5*h. Is (26/h + 5/18)*662 prime?
True
Suppose 30*a = 183 + 237. Suppose 8*n + a*n = 156002. Is n a prime number?
False
Let r = -130 + 140. Let s = 261 + r. Is s prime?
True
Let t(b) = -771*b - 47. Let a be t(6). Let o = a - -6832. Is o composite?
True
Suppose 2*p = -3*i + 435796, 0 = 5*p - 412*i + 415*i - 1089499. Is p a composite number?
False
Let a = -1043 + 713. Let m(h) = 3*h + 1916. Let x be m(-63). Let p = a + x. Is p a prime number?
False
Let o(s) = -19*s - 42. Let f be o(-3). Let b(v) = 50*v + 1 + 9 + 8 + 1. Is b(f) prime?
True
Suppose -2*h + 107542 + 1795573 = 5*m, 3*m - 1141888 = -5*h. Is m a prime number?
True
Let a(i) = i + 100 - 18 + 164. Let p be a(0). Suppose 4*r - 2876 = -c, 4*r + 5*c = 3122 - p. Is r composite?
False
Let q be 102 - (5 - (15 + -7)). Suppose 103*b - q*b + 12982 = 0. Is b prime?
True
Let v(j) = -15 - 4*j**2 + 6*j**2 + 31*j - j**2 + 4*j**2. Let k be (26/(-2))/((-8 - -13) + -4). Is v(k) prime?
False
Suppose -2*z = -7*p + 2*p + 6725, -10135 = 3*z + 2*p. Is -1 + (-12)/(((-70)/z)/(-7)) prime?
True
Let b(z) = -4012*z**2 + 9. Let y(h) = -16050*h**2 + 35. Let c(r) = -9*b(r) + 2*y(r). Is c(3) prime?
True
Let d = -3843 + 9226. Is d a composite number?
True
Suppose -3*y + 251 = p, -1084 = -4*p - 82*y + 86*y. Suppose 30*k = 32*k - p. Is k a prime number?
False
Suppose 8 = -o + 49. Let d = -37 + o. Suppose -s = -d*s + 5*p + 118, -2*s = p - 96. Is s prime?
False
Let h(s) = -s**2 - 4*s + 32. Let w be h(-8). Suppose 4*q - 686 = 2*j, 3*j + 179 = q - w*j. Let a = -39 + q. Is a a prime number?
True
Let t(s) = 187*s**2 - 6*s - 16. Let z(w) = -2. Let u(q) = t(q) - 3*z(q). Is u(-3) a composite number?
True
Let a(h) = h**3 + 6*h**2 - 21*h. Let z be a(-8). Suppose 27*p + 112619 = z*p. Is p a composite number?
False
Is ((7 - 2)/1 - (-305)/(-10))*-2 a prime number?
False
Suppose 252 = 7*v - 28. Suppose 34660 = v*a - 20*a. Is a a prime number?
True
Suppose -7*r - 168 = -4*r. Let t = r - -53. Is t + 4 - -1 - -805 prime?
False
Suppose 16*i - 222056 = 195272. Is i prime?
True
Suppose -17 = -4*q + 43. Suppose -57*h + q*h = -1699278. Is h prime?
True
Let y(n) = -2*n**3 - 12*n**2 - 15*n - 22. Let a(z) = -z**3 - 6*z**2 - 7*z - 11. Let k(h) = -9*a(h) + 4*y(h). Suppose 0 = -47*m + 155 + 33. Is k(m) composite?
True
Let r(y) = 6*y**3 - 14*y**2 + y - 3. Let d(x) = 11*x**3 - 29*x**2 + 2*x - 7. Let l(j) = 4*d(j) - 7*r(j). Let z be l(9). Suppose z*g - 720 = -122. Is g prime?
False
Let p be (-5)/(15/(-21)) + -4 - 7. Is (-19)/p*(17 + 3) a composite number?
True
Let h = 300 - 301. Is 1/(2/1804) + h a prime number?
False
Suppose -8*s + 73603 + 135125 = 0. Is 14/35*2 + s/5 a composite number?
True
Let d = -97835 + 163786. Is d composite?
False
Suppose -3*g + 4*g + 643 = 3*q, -2*q - 5*g + 457 = 0. Suppose 4*h - 404 - q = 0. Suppose 2*o + h = 7*o. Is o prime?
True
Let y(s) be the first derivative of -s**4/4 + 4*s**3 - 3*s**2/2 - 21*s + 73. Is y(8) prime?
True
Let c be 8*(-2)/(-4) - (1 + -12). Let m be (-10)/c - (-1 - (-37)/3). Let b(t) = -69*t - 26. Is b(m) composite?
True
Suppose 20*c - 158 = 16*c - t, -4*t - 88 = -2*c. Suppose 3*a + 5452 = -38*v + c*v, 2*v + a - 5460 = 0. Is v composite?
False
Suppose 636*l - 634*l - 4*i - 326990 = 0, 817505 = 5*l + 5*i. Is l composite?
True
Suppose 6*o - 7866 = -0*o. Let b = 1841 - o. Suppose -6*k = -1216 - b. Is k prime?
False
Let d be 2*13762/24 + (-7)/(-42). Let m = 3790 + d. Is m a prime number?
True
Let i(h) = -23333*h + 2336. Is i(-7) a prime number?
True
Let h(q) = q**3 + 14*q**2 - 14*q + 17. Let o be h(-15). Suppose -o*p + 4*v = 0, 0*p = 3*p - 4*v. Suppose p = 33*x - 30*x - 6123. Is x composite?
True
Suppose -11*p = -p - 20. Is (-3364)/p*(-1)/2 a prime number?
False
Let d(o) = -485*o**3 + 2*o**2 + 6*o + 1. Let g be d(-4). Suppose -14*p + g + 39581 = 0. Is p prime?
False
Let c = 568080 - 185117. Is c prime?
False
Let f(i) = 174*i**2 - 3*i - 8. Let d be f(4). Suppose 16*s + d = 20*s. Is s a composite number?
False
Let s(a) = -375*a + 3. Let g be s(-3). Suppose 273*l = 274*l - 3*f - 2518, -f = -3. Let w = l - g. Is w a composite number?
False
Suppose -71645 = -86*p + 62257 + 262472. Is p a composite number?
True
Let m = -3172 + 8690. Let n = m + -9836. Is (n/(-85))/(2/5) a prime number?
True
Suppose -4*u = 3*j - 2299, j - 2*u - 724 - 59 = 0. Let i = 2316 - j. Is i a prime number?
True
Let y(n) = 2*n**3 - 128*n**2 + 49*n - 330. Is y(79) prime?
False
Let j(h) be the third derivative of 1/2*h**4 + 0 - 1/6*h**3 + 17*h**2 + 0*h. Is j(6) a composite number?
False
Let m = 11974 + -5648. Is m a prime number?
False
Let i(v) be the first derivative of v**4/4 - 22*v**3/3 + 19*v**2/2 + 125*v - 219. Is i(24) a prime number?
True
Let d be -3 + 5 + (-12)/(-2). Suppose -16*a = -a - 88965. Suppose -a = -d*u + 3581. Is u prime?
False
Let o(f) = 13*f**3 - 2*f**2 - f. Suppose 4*r - 2*t - 18 = 0, 5*t + 6 = 4*r - 9. Let w be o(r). Suppose g - 502 = -5*s + w, 9 = -3*g. Is s a composite number?
True
Is 6/(-11) + 587261990/3542 a composite number?
False
Let c = -54281 - -79116. Is c composite?
True
Suppose -26*r = -38*r + 860412. Is r a composite number?
True
Suppose -10*q = -2*q - 3696. Let c = 20 - 18. Suppose -3*s - c*s + q = h, s = 2*h - 935. Is h a prime number?
True
Let q be 67178 + (-2 - (8 + -6))/(-2). Suppose -116*a = -112*a - q. Is a a prime number?
False
Let a(s) = s**3 + 14*s**2 + 12*s - 5. Let u be a(-13). Let g(x) = -3*x + 6. Let k be g(u). Is (k/(-54))/(1/141) a prime number?
True
Let x = 532082 + 800663. Is x a composite number?
True
Let v(o) = 5*o**2 + 93*o + 2257. Is v(-116) composite?
True
Suppose 24343 = 2*l - 12525. Let v be 0/23 - (0 - 18428). Suppose l = 3*o - 5*h, 2*o = 5*o + h - v. Is o composite?
False
Let i(v) = 291*v**2 + 16*v + 22. Let z(s) = 583*s**2 + 33*s + 44. Let x(m) = 9*i(m) - 4*z(m). Is x(-3) prime?
False
Is (-4)/6*661653/(-6) a prime number?
True
Let p be (27 + -15)*(-1 + 3). Let n = 22 - p. Is (-8)/((-224)/22044) - n/(-7) prime?
True
Let r(y) be the second derivative of 17*y**4/6 - 3*y**3 + 73*y**2/2 + 17*y. Is r(11) composite?
False
Let z be -5 + (-33)/(-3) - (-1 + 1). Suppose -z*q = 67 - 541. Is q a composite number?
False
Let c be (18/54)/((-3)/155322). Let s = -3149 - c. Is s prime?
False
Suppose -4*l = -2*f - 8, -3*l - 5*f = -6 - 13. Suppose l*q = 12774 + 1818. Let i = -2583 + q. Is i a prime number?
True
Let c(v) be the first derivative of 180*v**4 + v**3/3 + v**2 - 2*v + 4. Let x(a) = -a**2 + 5. Let m be x(2). Is c(m) a composite number?
True
Let s be ((-3)/3 - -2)/(8/72). Let f(t) = 299*t + 52. Is f(s) a prime number?
False
Suppose -6*o + 15560 = -10*o. Is (-33)/(-44) + o/(-8) composite?
False
Let b be 84 - (-2 - (-8 + 2)). Let q(m) = -56*m**2 - 3*m - 1. Let h be q(-1). Let g = b + h. Is g prime?
False
Let d = -131 + 137. Let j(l) = 1085*l + 33. Let n(v) = -362*v - 11. Let p(z) = 6*j(z) + 17*n(z). Is p(d) composite?
True
Suppose 2676*b + d + 2655566 = 2679*b, 0 = -5*d - 25. Is b a prime number?
True
Let h(f) = 9*f**3 - 13*f**2 + 21*f - 23. Let w be h(10). Suppose 36072 = 5*m + w. Is m a composite number?
True
Suppose 637*u + 3431746 = 5*v + 634*u, -5*v - 4*u + 3431767 = 0. Is v prime?
False
Suppose 5*s - 28 = -13. Suppose 0 = s*w - 131 - 154. Suppose -1543 = -96*d + w*d. Is d a composite number?
False
Let u be -3*2/24 + 405/20. Suppose 5*w + 5 - 75 = -3*s, 53 = 4*w + 3*s. Suppose u*j - w*j = 147. Is j composite?
True
Let x(c) = -3207*c - 202. Let h(y) = -3209*y - 200. Let m(f) = 6*h(f) - 5*x(f). Is m(-25) prime?
False
Suppose -21*g - 399455 = 7*g - 8464827. Is g composite?
False
Suppose 4*i + 2 + 3 = n, 2*i = 0. Let c(l) = -l**2 + 7. Let o be c(n). Let g = o - -653. Is g composite?
True
Let i be -1 - (207/1)/1. Let x = i - -507. Is x a prime number?
False
Let l(c) be the second derivative of c**5/20 - 7*c**4/6 + 10*c**3/3 - 6*c**2 + 9*c. Let k be l(14). Let v = -91 + k. Is v a prime number?
False
Let n(x) = -x**3 + 4*x**2 - 5*x + 6. Let w be n(3). Suppose w = 4*b - 3*b - 1847. Is b a composite number?
False
Let l(s) = -3*s**3 + 68*s**2 - 62*s - 26. Is l(-25) composite?
True
Suppose 0 =